*l - c - 1445 = 0, 3*l - 4*l - c = -r. List the prime factors of l.
13, 37
Let l(q) = 3*q**2 - 5*q - 4. Suppose -3*o - 12 + 3 = 0. List the prime factors of l(o).
2, 19
Let v(s) = -s**3 - 7*s**2 - 2*s - 75. Let j be v(-8). Suppose -1320 = -g - 3*z + 291, -8036 = -j*g + 4*z. What are the prime factors of g?
2, 3, 67
Let b(a) = -a**2 + 13*a + 14. Let g be b(12). Let y = g + -23. Suppose -y*l = l - 5*p - 512, 0 = -2*l - 5*p + 226. List the prime factors of l.
3, 41
Let u = -22978 + 32561. What are the prime factors of u?
7, 37
Suppose -50*r + 47*r + 17788 + 8084 = 0. What are the prime factors of r?
2, 7, 11
Let f be 6*(14/(-4))/(-7). Suppose -36 = f*u + 4*w - w, -3*w = -3*u - 24. What are the prime factors of 2 + (u/25 - (-332)/5)?
2, 17
Let n be 14/4*(9 + (-102)/14). Suppose -n*j + 4829 + 1231 = 0. What are the prime factors of j?
2, 5, 101
Suppose -19*o + 15*o = -2088. What are the prime factors of (29/(o/(-84)))/(2/(-6))?
2, 7
Suppose z = -4*u + 30028, -30*z + 35*z - 45028 = -6*u. List the prime factors of u.
2, 1877
Suppose 4*q + 1 = w + 54, 4*w = -3*q + 35. Let g(p) = p - 6. Let a be g(q). Let s(j) = j**3 - 7*j**2 + 13. What are the prime factors of s(a)?
13
List the prime factors of -1*807*2209/(-141).
47, 269
Let t(w) = -67*w + 11. Let k be t(1). Let l be (k/70)/((-1)/55). Let g = l + -11. What are the prime factors of g?
3, 11
Suppose -5*s + 3323 = w, 3*w - 4*s - 5806 - 4030 = 0. List the prime factors of w.
2, 3, 137
Suppose -q + 1424 = -5*m, -16*q + 4224 = -13*q + m. What are the prime factors of q?
1409
Suppose -20*a - 120*a = -1974560. What are the prime factors of a?
2, 41, 43
Let i = -165431 + 245767. List the prime factors of i.
2, 5021
Suppose 18*q - 8360 = 29998. List the prime factors of q.
2131
List the prime factors of (((-64)/24)/(11/((-1894398)/4)))/4.
28703
Suppose -3*d + 329 = -2*b + 2*d, 0 = -2*b + d - 341. Let z = b + 291. Suppose 2*x + z = 5*t + 4*x, -5*t = -5*x - 140. What are the prime factors of t?
5
Let r = 48 - 53. Let k be -3 + 0/r - (1 + 16). List the prime factors of (1 + (-10)/6)*3090/k.
103
Let z = -29 + 37. Let t = z + -5. Suppose -214 = -v - t*g, 2*v - 4*g = -6*g + 416. List the prime factors of v.
5, 41
Let g be (1854/(-4))/(6 + (-146)/24). Suppose 3*d - 5198 = 2*x + 362, -3*d = -3*x - g. List the prime factors of d.
2, 463
Let o(z) = -4*z - 5*z + 15 - 5*z + 23*z. Let u(g) = -g**3 + 5*g**2 - g + 1. Let i be u(4). What are the prime factors of o(i)?
2, 3, 11
Let g(l) = -l**3 + 16*l**2 + 11*l + 27. Let x be g(17). Let p = 77 + x. List the prime factors of 44 + p*(1 - 1/2).
3, 5
Let w(x) = -x**2 - 18*x - 64. Let n be w(-5). What are the prime factors of 453 + -1 + (3 - n)/1?
2, 227
Suppose -9148 = -2*l - 2*u, -58*l - 3*u = -63*l + 22910. What are the prime factors of l?
19, 241
Let r = 20 - 12. Let d = 14 - r. List the prime factors of (0 - -3)*(62/d - 0).
31
Suppose -5*y + 947 = -2*f, 0*f = -2*y - 3*f + 394. Let b = 50 + y. List the prime factors of b.
241
Suppose 0 = 2*r - 0*x + x - 1420, -2*r - 5*x = -1420. Let p = r + -326. What are the prime factors of p?
2, 3
Suppose -v = 41 - 54. Suppose 18*o - v*o = 720. List the prime factors of o.
2, 3
Let g(j) = 4*j**2 - 23*j - 173. List the prime factors of g(34).
3, 1223
Suppose -23*n - 11*n = -28254. List the prime factors of n.
3, 277
Let x = -1364 + 19033. List the prime factors of x.
17669
Let s(a) = 22 + 7174*a + 5 - 7185*a + 8*a**2. List the prime factors of s(13).
2, 3, 103
Let j(q) = -q**3 - 62*q**2 - 329*q. What are the prime factors of j(-60)?
2, 3, 5, 11, 19
Let v = -801 - 1110. Let w = -1317 - v. Suppose -2*z = 4*z - w. What are the prime factors of z?
3, 11
Let k be (-12)/10*105/(-14). Suppose 0 = 6*i - k*i + 462. Let j = i - 75. What are the prime factors of j?
79
List the prime factors of 12895088/483 - 10/(-105).
2, 7, 1907
Let q = 15877 - -6204. What are the prime factors of q?
71, 311
Let i(w) = -15*w - 188. Let x be i(-19). Suppose b - 1138 = -x. List the prime factors of b.
3, 347
Let s be 36/21 - (-6)/21. Let w be -3 + (s - (-1 + (-6 - -3))). List the prime factors of 6/(1 - w) + -3 + 64.
2, 29
Let f = 47419 - 35110. What are the prime factors of f?
3, 11, 373
Let q be 223/5 + 0 - 99/165. Let s(r) = -10*r**2 - 7*r + 3. Let d be s(-4). Let j = q - d. What are the prime factors of j?
173
Suppose 236 = -2*x + 3710. Suppose -8*s - s + x = 0. List the prime factors of s.
193
Let r(n) = 4*n + 18. Let d(g) = g. Let i(v) = -5*d(v) + r(v). Let u be i(7). Suppose u = h - 22. What are the prime factors of h?
3, 11
Suppose 0 = -14*l + 11*l + 4*z + 12491, -3*z = l - 4155. What are the prime factors of l?
3, 19, 73
Suppose 0 = 4*f - 8, -z = -65*f + 60*f - 47664. List the prime factors of z.
2, 11, 197
Let u(n) = 5*n + 73. Suppose -4*k = 2*b - 48, -2*k = -b - 19 - 13. What are the prime factors of u(k)?
11, 13
Let l be ((-44)/8)/((-3)/(-132)). Let u = 185 - l. Suppose 4*z - 2*t = z + u, 159 = z - 4*t. What are the prime factors of z?
139
Let w be 21/4 - 12/48. Suppose 3*n - w*n = -3*o + 7, 3*n - 5*o + 13 = 0. What are the prime factors of n - (-4 - -1)*1?
7
Let f = -4174 + 13503. What are the prime factors of f?
19, 491
Let i be 3*1*(-1)/((-18)/30). Suppose 85 = i*m - 4*a, m + a + 2*a = 17. List the prime factors of 18 + -19 - (2/1 - m).
2, 7
Let a(o) = 2*o**3 - 23*o**2 - 6*o - 3. Let b be a(14). Let i = b - 429. What are the prime factors of i?
2, 29
Let n(r) = 6*r**2 + 3*r + 4. Let o be (-2)/9 + 39/(-54)*-10. What are the prime factors of n(o)?
11, 29
Suppose 3584 = 4*q - 11*z + 7*z, 0 = 4*q - 5*z - 3579. List the prime factors of q.
17, 53
Let d(u) = 3109*u - 2218. What are the prime factors of d(2)?
2, 5
List the prime factors of (-53)/((5/(-280)*-8)/(276/(-14))).
2, 3, 23, 53
Let q be (-2493)/(-6) + 1/2. Suppose 19*n - 34*n + 45 = 0. Suppose -5*m + a + 612 = 0, n*m - 2*a + 46 - q = 0. What are the prime factors of m?
2, 61
Suppose -398*a + 1873674 = -2166532 - 7100212. What are the prime factors of a?
23, 1217
What are the prime factors of (-147)/12*4016328/(-1491)?
2, 7, 2357
Suppose 2*i + 5*c - 25200 = 0, 2*c = -2*i + 6*c + 25254. List the prime factors of i.
3, 5, 29
Let m(w) = -51*w**2 - 7*w - 11. Let j be m(-2). Let d be 9/6 + (-3 - j/6). Let i = d - -2. What are the prime factors of i?
2, 17
Let a = 20361 - 18045. List the prime factors of a.
2, 3, 193
Suppose 61*k - 24910 = 93186. List the prime factors of k.
2, 11
Let w = 245 - 242. Suppose -w*p = -5*f - 606, -9*f = -5*f. List the prime factors of p.
2, 101
Suppose 0 = -2*v - 3*c - 787 + 7051, -4*v = 4*c - 12528. Suppose 511*l = 515*l - v. List the prime factors of l.
3, 29
Let c(n) = 10*n**2 - 25*n - 754. List the prime factors of c(28).
2, 31, 103
Suppose 2*j - 3*y = 457, -4*y - 1 = 3. Let b(d) = -88*d - 3. Let z be b(1). Let o = j + z. List the prime factors of o.
2, 17
Suppose -910 - 80 = -15*u. Suppose -73*h + 504 = -u*h. List the prime factors of h.
2, 3
Let q = 83822 - 49521. List the prime factors of q.
34301
Let r be 0 - (-1 - 145/(-5)). Let b(z) = -z**2 - 41*z - 25. What are the prime factors of b(r)?
3, 113
Let g = 2188 - 414. List the prime factors of g.
2, 887
Let j = -277 + 357. Let t = j + 1. List the prime factors of t.
3
What are the prime factors of (2 + -1)/((-2054895)/186810 + 11)?
2, 13, 479
Let h(m) be the first derivative of m**3 - 8*m**2 - 18*m + 14. What are the prime factors of h(-6)?
2, 3, 31
Suppose -3*g = -2*n - 6, 4*g = g - 4*n + 24. Suppose -4*s = g*u + 44, -2*u - 2*u - 36 = -4*s. Let b(p) = p**3 + 9*p**2 - 23*p. List the prime factors of b(u).
2, 5, 13
List the prime factors of (-2)/((-36)/698343) - (319/66 + -5).
11, 3527
Let u = 8 + -5. Suppose -17 = -2*s - 3*n, -4*n - 9 = -3*s - 3*n. Suppose -s*w - 93 = -5*v, -u*v + 6*w = 2*w - 51. List the prime factors of v.
3, 7
Let h(r) = -3*r - 14. Let y be h(-5). Let t = -1 + y. What are the prime factors of (t - 4)/(2/(-24))?
2, 3
Suppose 4*n = -5*m - 2600, 3*m + 3*n + 712 = -845. Let x = -840 - m. List the prime factors of (x/6)/((-12)/54).
3, 79
Let i(c) = 2622*c + 5716. What are the prime factors of i(17)?
2, 5, 47, 107
Let w(f) = 145*f**2 - 16*f - 3. List the prime factors of w(8).
7, 1307
Let m(q) = q**2 - q. Let o(z) = z**3 - 6*z**2 - 10*z - 7. Let s be 11 + -8 - (2 - 0). Let w(j) = s*o(j) - 4*m(j). List the 